 5*s - 14420. List the prime factors of v.
5, 577
Let r be 10/(-25) + 1/5*692. What are the prime factors of 0 + r - (-2 + 4)?
2, 17
Let j(r) = 14*r - 16. Suppose -2*k = -3*k - 5*g + 10, -3*g = -6. Suppose 0 = 2*w - k*w - 10. List the prime factors of j(w).
2, 3
Let i(l) be the first derivative of 7*l**3 + l**2 - 2*l - 13. What are the prime factors of i(-3)?
181
Let l(u) = u**3 + 10*u**2 - 2*u - 11. Let o be l(-10). Let j(d) = d - 12. Let t be j(8). Let m = o + t. What are the prime factors of m?
5
Suppose 10 + 0 = -2*v. List the prime factors of (-1)/((-2222)/444 - v).
2, 3, 37
Let v = 699 - -1932. What are the prime factors of v?
3, 877
Let r(q) = -5 - 4*q**2 - 6*q + 2*q**3 - 3*q**3 - 2*q**2. Let l be r(-5). Suppose -2*f - 20 = -7*f + 5*n, 3*f + 3*n - 30 = l. What are the prime factors of f?
7
Suppose 0 = -3*u + 3*v - 15, 4*v - 20 = -4*u - 0*v. Suppose -m - 4*w + 11 = u, -2*w - w = 5*m - 21. Suppose 8 = m*x - 2*x. List the prime factors of x.
2
Let m(v) = 0 - 6 + v - 1. Let k be m(7). Suppose k = -3*a + 6 + 3. What are the prime factors of a?
3
Let w(n) = -n**3 + 7*n**2 - n + 10. Let t be w(7). Suppose 2*s + 128 = -3*z, -z = -t*s + 86 - 25. Let a = 69 + z. List the prime factors of a.
23
Let p be (-2)/2 + 5 - (-19)/(-19). Suppose p*a - 473 = -3*b - 2*a, -3*b + 5*a = -493. List the prime factors of b.
7, 23
Suppose -v - 4*w + 41 = -0*w, -v - 3*w = -42. What are the prime factors of v?
3, 5
Let s be (5/(-1) - -3)/(3/(-9)). Suppose -967 = -s*p - 229. What are the prime factors of p?
3, 41
Suppose -2*b + 7106 = 2*d, d - 1686 - 1863 = -2*b. List the prime factors of d.
3557
Let x = -32 - -30. List the prime factors of -2 - 1/x*2 - -40.
3, 13
Suppose 0 = -3*b + 217 - 28. Suppose -1680 = 57*k - b*k. List the prime factors of k.
2, 5, 7
Let u be 238*(186/48 - (-2)/16). Suppose 9*w + 2*j = 5*w + 940, u = 4*w + 5*j. What are the prime factors of w?
233
Suppose 4*a - 514 - 40 = 2*g, -5*a = -2*g - 695. What are the prime factors of a?
3, 47
Let n = 392 - -371. What are the prime factors of n?
7, 109
Let g be (12/1)/4 - 8. Let y = 0 - g. Suppose 4*x - 184 = -4*t, -y*x + 206 = -0*x - t. List the prime factors of x.
2, 3, 7
Let c(t) = 21*t**2 - 2*t + 5. Let s(o) = -41*o**2 + 3*o - 11. Let m(h) = 5*c(h) + 2*s(h). Let x be m(2). Suppose -x - 28 = -5*w. List the prime factors of w.
23
Let z be (-10)/4*(1 - 145). Suppose z = 3*h + 42. List the prime factors of h.
2, 53
Let i = 1718 - 804. List the prime factors of i.
2, 457
Let m(t) = 2*t**2 + 6*t - 3*t - 2*t. Suppose 0 = 2*k + 8, -f + 2*k = 2*f + 1. What are the prime factors of m(f)?
3, 5
What are the prime factors of 5904/13 + (11 - 2465/221)?
2, 227
Let q be 1*3*80/12. Let c = q + -20. Let f = 2 - c. List the prime factors of f.
2
Let q(t) = t - 4. Let v be q(4). Suppose v = -s - 4*o - 23, 5*o + 1 + 9 = 5*s. What are the prime factors of (12/3 + s)*14?
2, 7
Suppose 7*t + 3486 = 16912. What are the prime factors of t?
2, 7, 137
Let z = 22 - 20. Suppose j = -z*t + 74, 0 = -4*j + j + t + 194. What are the prime factors of j?
2, 3, 11
Let c be (-7)/(-9) - 6/(-27). Let i be 5 + (c - 3)/(-1). List the prime factors of i + 0/(-1*4).
7
Suppose 2*z + 12118 = 3*k + 6*z, 2*k = -5*z + 8074. What are the prime factors of k?
2, 43, 47
Suppose -5*z + 13553 = -6*q + 8*q, -4*z - q = -10840. What are the prime factors of z?
3, 7, 43
Let a(b) = 3*b**2 + 18*b + 59. List the prime factors of a(-15).
2, 29
Let z(u) = u + 12. Suppose -6*g = -g + 35. Let p be z(g). Suppose p*n = -5 + 15. What are the prime factors of n?
2
Let x = -190 + 2937. List the prime factors of x.
41, 67
Let d(y) be the second derivative of 0 + 2*y + 2*y**2 - 2/3*y**3. List the prime factors of d(-6).
2, 7
Suppose -92 = -2*k + 4. What are the prime factors of -1*(k*-31)/6?
2, 31
Suppose -2*i = 3*n + 62, 0 = -0*n - n - 5*i - 12. Let h be ((-4)/(-8))/((-1)/n). Let t = 9 + h. List the prime factors of t.
2, 5
Suppose 13*w - 8075 = 1116. What are the prime factors of w?
7, 101
Suppose 11*f - 41760 = -15888. What are the prime factors of f?
2, 3, 7
Suppose -171 = 15*o - 18*o. Let z = o + -10. What are the prime factors of z?
47
Suppose 8*r - 2*k - 145 = 3*r, -71 = -3*r - 2*k. Let h = r - 25. Suppose -h*z = 4*z - 312. What are the prime factors of z?
2, 13
Suppose 2*c - 5*h = 596, 39*h = c + 43*h - 324. What are the prime factors of c?
2, 7, 11
Let n(i) = 39*i**2 - 21*i + 4. What are the prime factors of n(6)?
2, 641
Let g(o) = o**2 - 3*o - 2. Let s be g(4). Suppose -32 = -t - t - s*l, -44 = -2*t - 5*l. What are the prime factors of t?
2, 3
List the prime factors of 2/(-3) + (-20)/(-3) - -1109.
5, 223
Let o(z) = 5*z - 21. Let x be o(18). Let k = -12 + x. What are the prime factors of k?
3, 19
Let m(w) = 3*w + 1. Let n be m(2). Let z = 377 + -235. Suppose n*u = 3*u - 2*i + 110, -4*i + z = 5*u. What are the prime factors of u?
2, 13
Let r = -4 + 6. Suppose -r*z = z. Suppose z = -3*h + 61 + 20. What are the prime factors of h?
3
Let w(z) = -z**3 + 4*z**2 + z - 3. Let p be w(3). Let u(b) = 13 + 0*b - 8*b**2 - 17 + 7 + b**3 - 6*b. What are the prime factors of u(p)?
2, 3, 5
Let r be (-2*(-161)/28)/(1/22). Let t = -19 + r. What are the prime factors of t?
2, 3, 13
Suppose c = -2*c - l + 1716, 0 = -2*c + 3*l + 1133. List the prime factors of c.
571
Suppose 19*z - 103168 = -13*z. What are the prime factors of z?
2, 13, 31
Suppose 2*h + 22 = 3*g, -3*g = 3*h - 0*g + 3. Let a(d) be the first derivative of -d**3/3 - 5*d**2 - 6*d + 18. List the prime factors of a(h).
19
Suppose -12 = -4*m, 0 = -x - 0*x - 3*m + 387. Suppose -47*f = -44*f - x. List the prime factors of f.
2, 3, 7
Let m(w) = 13*w**2 + 8*w + 2. Let i be m(-4). Let d = -104 + i. Let u = -36 + d. List the prime factors of u.
2, 19
Let h(c) = 17 + 0*c - 2*c + 4*c - c**3 + 8*c**2. What are the prime factors of h(8)?
3, 11
Let f be (-2 + -16 + 2)*14/28. Let n(c) = c**2 - 23. List the prime factors of n(f).
41
Let y = -42 - -69. List the prime factors of y.
3
Let t be (-1)/4 + (-39)/(-12). What are the prime factors of -19*(t - -1)/(-1)?
2, 19
List the prime factors of (-57)/(((-114)/284)/19).
2, 19, 71
Let z(m) = 3*m + 16. Let v be z(9). Suppose -16 = u - v. List the prime factors of u.
3
Let g(m) = 3*m**2 + 25*m - 725. List the prime factors of g(-28).
3, 103
Suppose -8455*h = -8452*h - 12165. List the prime factors of h.
5, 811
Let w(k) = k**3 + 41*k**2 - 43*k + 84. List the prime factors of w(-42).
2, 3, 7
Suppose 26*p + 5988 = 30*p. What are the prime factors of p?
3, 499
Suppose 1133 = -5*s + 4148. List the prime factors of s.
3, 67
Suppose -4*u + 14*k - 10*k = -2004, 0 = -2*u - 3*k + 1027. List the prime factors of u.
2, 11, 23
Let a = 390 + -130. What are the prime factors of a?
2, 5, 13
Suppose -4*k - 4*d = -2622 + 666, -k + 3*d + 477 = 0. List the prime factors of k.
2, 3
Let n(u) = -u**3 - 9*u**2 + 39*u - 79. List the prime factors of n(-22).
3, 5, 7, 17
Let u = 1731 - -69. List the prime factors of u.
2, 3, 5
What are the prime factors of ((-9)/(-2))/(8 + 2974/(-372))?
3, 31
Let f = -25 - -108. What are the prime factors of f?
83
Suppose 15 = 5*d, d + 1043 = t - 15. What are the prime factors of t?
1061
Let x = -28 + 35. Suppose 7*v + x*v = 742. What are the prime factors of v?
53
Let q be (-10)/3*(-3 - -9). Let g(d) = 2*d - 9. Let h be g(0). Let a = h - q. List the prime factors of a.
11
Let i = 0 - 0. Suppose 4*j - w = -i*w + 20, 4*w = 5*j - 14. Let z(l) = -l**2 + 8*l + 7. List the prime factors of z(j).
19
Let t(g) be the first derivative of -55*g**2 + 7. Let j be t(1). List the prime factors of j/(-4)*8/5.
2, 11
Let p = 0 + 1. Let w be p/(16/(-12) + 1). List the prime factors of (25/10)/(w/(-66)).
5, 11
Suppose -2*z + 1 + 7 = 0. Suppose 3*y = -5*k - 0*y + 28, -k + z = -y. List the prime factors of k.
5
Let d(u) = u**2 - 7*u + 7. Let f be d(6). What are the prime factors of (24/(-16))/(f/(-162))?
3
Suppose 20 - 10 = 5*a. What are the prime factors of (a/4)/(3/366)?
61
Suppose 0 = -5*s - 2*d + 3819, 5*d - 1647 = -3*s + 652. What are the prime factors of s?
7, 109
Let y(z) = 2*z**2 - 5*z. Let x be y(6). Suppose -5*h + 292 = x. List the prime factors of h.
2, 5
Suppose 82 = f - 6. Let q = 12 + f. What are the prime factors of q?
2, 5
Let l be 1/((-451)/(-150) - 3). Suppose -2*g + 2*i = -334, 204 = 2*